36 is divided by 631?
105
What is the remainder when 1848 is divided by 869?
110
Calculate the remainder when 106295 is divided by 6643.
7
What is the remainder when 6411 is divided by 522?
147
What is the remainder when 47571 is divided by 14?
13
What is the remainder when 5710 is divided by 119?
117
What is the remainder when 94172 is divided by 18?
14
What is the remainder when 736085 is divided by 78?
77
Calculate the remainder when 2832 is divided by 355.
347
What is the remainder when 86820 is divided by 3617?
12
Calculate the remainder when 67708 is divided by 569.
566
What is the remainder when 876458 is divided by 292150?
8
Calculate the remainder when 208101 is divided by 184.
181
What is the remainder when 10756 is divided by 3394?
574
What is the remainder when 67514 is divided by 279?
275
What is the remainder when 24122 is divided by 535?
47
What is the remainder when 1702 is divided by 975?
727
Calculate the remainder when 92493 is divided by 571.
562
What is the remainder when 848 is divided by 22?
12
What is the remainder when 35598 is divided by 43?
37
Calculate the remainder when 508981 is divided by 192.
181
Calculate the remainder when 182919 is divided by 22863.
15
What is the remainder when 2961 is divided by 1461?
39
Calculate the remainder when 2325 is divided by 1938.
387
Calculate the remainder when 531 is divided by 99.
36
What is the remainder when 223034 is divided by 11?
9
What is the remainder when 59305 is divided by 127?
123
What is the remainder when 263713 is divided by 11?
10
Calculate the remainder when 3950 is divided by 76.
74
Calculate the remainder when 15154 is divided by 7569.
16
Calculate the remainder when 7942 is divided by 1188.
814
What is the remainder when 5454 is divided by 1171?
770
What is the remainder when 313995 is divided by 314?
309
What is the remainder when 9105 is divided by 74?
3
What is the remainder when 114488 is divided by 29?
25
What is the remainder when 914590 is divided by 35?
5
What is the remainder when 108803 is divided by 122?
101
Calculate the remainder when 3433 is divided by 266.
241
Calculate the remainder when 11402 is divided by 63.
62
What is the remainder when 110158 is divided by 45?
43
Calculate the remainder when 630312 is divided by 226.
224
What is the remainder when 85312 is divided by 118?
116
Calculate the remainder when 11247 is divided by 1644.
1383
What is the remainder when 112672 is divided by 3218?
42
What is the remainder when 93818 is divided by 802?
786
Calculate the remainder when 102391 is divided by 1067.
1026
Calculate the remainder when 244034 is divided by 9.
8
Calculate the remainder when 21613 is divided by 2400.
13
Calculate the remainder when 47622 is divided by 28.
22
What is the remainder when 763 is divided by 157?
135
Calculate the remainder when 2400 is divided by 121.
101
Calculate the remainder when 4013 is divided by 187.
86
What is the remainder when 69731 is divided by 117?
116
What is the remainder when 12769 is divided by 103?
100
What is the remainder when 17236 is divided by 3441?
31
What is the remainder when 1130 is divided by 800?
330
What is the remainder when 23536 is divided by 35?
16
Calculate the remainder when 3220727 is divided by 532.
531
Calculate the remainder when 641 is divided by 172.
125
Calculate the remainder when 56243 is divided by 13931.
519
Calculate the remainder when 371 is divided by 326.
45
Calculate the remainder when 157199 is divided by 25.
24
What is the remainder when 18636 is divided by 765?
276
What is the remainder when 2295 is divided by 729?
108
What is the remainder when 33808 is divided by 58?
52
What is the remainder when 6531 is divided by 3246?
39
What is the remainder when 20020 is divided by 5001?
16
What is the remainder when 1210 is divided by 197?
28
What is the remainder when 51939 is divided by 245?
244
Calculate the remainder when 9231 is divided by 4583.
65
What is the remainder when 70409 is divided by 147?
143
Calculate the remainder when 2520584 is divided by 4608.
8
What is the remainder when 996 is divided by 143?
138
What is the remainder when 103894 is divided by 148?
146
Calculate the remainder when 3664 is divided by 1808.
48
Calculate the remainder when 135867 is divided by 918.
3
What is the remainder when 417718 is divided by 13473?
55
What is the remainder when 1842 is divided by 463?
453
What is the remainder when 9518 is divided by 454?
438
What is the remainder when 3009 is divided by 234?
201
What is the remainder when 5777 is divided by 2831?
115
What is the remainder when 2649 is divided by 23?
4
What is the remainder when 94209 is divided by 101?
77
What is the remainder when 26012 is divided by 274?
256
What is the remainder when 6906 is divided by 160?
26
Calculate the remainder when 81238 is divided by 6.
4
What is the remainder when 9856319 is divided by 96?
95
Calculate the remainder when 13959 is divided by 1339.
569
Calculate the remainder when 37082 is divided by 537.
29
Calculate the remainder when 15077 is divided by 62.
11
Calculate the remainder when 374832 is divided by 8.
0
Calculate the remainder when 2187355 is divided by 21.
16
Calculate the remainder when 3940 is divided by 23.
7
Calculate the remainder when 1787 is divided by 71.
12
What is the remainder when 162066 is divided by 162058?
8
Calculate the remainder when 7197 is divided by 717.
27
Calculate the remainder when 193666 is divided by 1218.
4
What is the remainder when 5873 is divided by 834?
35
What is the remainder when 1642 is divided by 163?
12
What is the remainder when 1106 is divided by 227?
198
Calculate the remainder when 25704 is divided by 1071.
0
Calculate the remainder when 2497 is divided by 142.
83
Calculate the remainder when 13074 is divided by 889.
628
What is the remainder when 2308 is divided by 104?
20
What is the remainder when 8111 is divided by 13?
12
What is the remainder when 2539 is divided by 797?
148
Calculate the remainder when 195802 is divided by 4256.
26
Calculate the remainder when 15436 is divided by 127.
69
Calculate the remainder when 652 is divided by 272.
108
What is the remainder when 3672 is divided by 898?
80
What is the remainder when 3585 is divided by 612?
525
What is the remainder when 318975 is divided by 19932?
63
Calculate the remainder when 7839 is divided by 7771.
68
What is the remainder when 7868 is divided by 152?
116
What is the remainder when 31768 is divided by 7939?
12
What is the remainder when 3712 is divided by 169?
163
What is the remainder when 11203 is divided by 1108?
123
What is the remainder when 7885225 is divided by 79?
77
Calculate the remainder when 904206 is divided by 166.
4
Calculate the remainder when 14103 is divided by 252.
243
What is the remainder when 88196 is divided by 2756?
4
Calculate the remainder when 467990 is divided by 248.
14
Calculate the remainder when 34492 is divided by 17211.
70
What is the remainder when 241613 is divided by 34515?
8
Calculate the remainder when 41268 is divided by 20562.
144
What is the remainder when 21495 is divided by 116?
35
What is the remainder when 8103 is divided by 7956?
147
What is the remainder when 358244 is divided by 855?
854
Calculate the remainder when 21118 is divided by 67.
13
What is the remainder when 463324 is divided by 517?
92
What is the remainder when 67646 is divided by 16?
14
Calculate the remainder when 83773 is divided by 448.
445
What is the remainder when 9177 is divided by 2177?
469
What is the remainder when 2080 is divided by 172?
16
Calculate the remainder when 7528 is divided by 384.
232
What is the remainder when 345568 is divided by 348?
4
Calculate the remainder when 346507 is divided by 164.
139
What is the remainder when 1200 is divided by 103?
67
Calculate the remainder when 121735 is divided by 56.
47
What is the remainder when 3059 is divided by 71?
6
Calculate the remainder when 77230 is divided by 196.
6
What is the remainder when 5707 is divided by 16?
11
What is the remainder when 1188318 is divided by 297077?
10
What is the remainder when 3151 is divided by 166?
163
Calculate the remainder when 5371 is divided by 82.
41
Calculate the remainder when 8824 is divided by 118.
92
Calculate the remainder when 476735